{"id":9834,"date":"2025-08-25T16:32:43","date_gmt":"2025-08-25T19:32:43","guid":{"rendered":"https:\/\/internacional.ufpr.br\/portal\/?page_id=9834"},"modified":"2026-03-27T14:38:34","modified_gmt":"2026-03-27T17:38:34","slug":"disciplinas-internacionais","status":"publish","type":"page","link":"https:\/\/internacional.ufpr.br\/portal\/disciplinas-internacionais\/","title":{"rendered":"Internacionaliza\u00e7\u00e3o na UFPR"},"content":{"rendered":"\n<p class=\"has-black-color has-text-color has-link-color wp-elements-51c43e4a123545f345b43ded1732f0f6\" style=\"font-size:16px;font-style:normal;font-weight:500\"><br><\/p>\n\n\n\n<div class=\"wp-block-media-text is-stacked-on-mobile\" style=\"grid-template-columns:17% auto\"><figure class=\"wp-block-media-text__media\"><img loading=\"lazy\" decoding=\"async\" width=\"315\" height=\"302\" src=\"https:\/\/internacional.ufpr.br\/portal\/wp-content\/uploads\/2026\/03\/Imagem_site2.png\" alt=\"\" class=\"wp-image-12357 size-full\" srcset=\"https:\/\/internacional.ufpr.br\/portal\/wp-content\/uploads\/2026\/03\/Imagem_site2.png 315w, https:\/\/internacional.ufpr.br\/portal\/wp-content\/uploads\/2026\/03\/Imagem_site2-300x288.png 300w, https:\/\/internacional.ufpr.br\/portal\/wp-content\/uploads\/2026\/03\/Imagem_site2-10x10.png 10w\" sizes=\"auto, (max-width: 315px) 100vw, 315px\" \/><\/figure><div class=\"wp-block-media-text__content\">\n<p style=\"font-size:16px\"><br>O conceito de Internacionaliza\u00e7\u00e3o em casa (UFPR) surgiu na d\u00e9cada de 1990 com o objetivo de formar cidad\u00e3os cr\u00edtico-reflexivos a respeito de outras culturas, fornecendo experi\u00eancias multiculturais para todos os estudantes de institui\u00e7\u00f5es de ensino superior (IES).<\/p>\n\n\n\n<p class=\"has-black-color has-text-color has-link-color wp-elements-790e155212dfef0e1a0e1e6df0887eae\" style=\"font-size:16px;font-style:normal;font-weight:400\">Trata-se, assim, de um processo de integra\u00e7\u00e3o das dimens\u00f5es internacional e intercultural, no curr\u00edculo formal e informal, para graduandos e p\u00f3s-graduandos em ambientes dom\u00e9sticos (Beelen; Jones, 2015), ou seja, sem a necessidade de sair do pa\u00eds. Engloba os tr\u00eas pilares das IES: <strong>ensino, pesquisa e extens\u00e3o<\/strong>.<\/p>\n\n\n\n<p style=\"font-size:16px\">No ERI, a Internacionaliza\u00e7\u00e3o em casa \u00e9 de responsabilidade da Coordenadoria de Pol\u00edticas Lingu\u00edsticas (CPL) que, em parceria com os docentes da UFPR, tem estudado maneiras de diversificar a Internacionaliza\u00e7\u00e3o na UFPR com o intuito de interligar as dimens\u00f5es interculturais \u00e0 aprendizagem em contextos acad\u00eamicos.<\/p>\n<\/div><\/div>\n\n\n\n<p class=\"has-vivid-cyan-blue-color has-text-color has-link-color wp-elements-fdc3366a514fcbddf36d68fcbc0b985f\" style=\"font-size:20px;font-style:normal;font-weight:600;text-decoration:underline\"><br>Algumas a\u00e7\u00f5es atuais de Internacionaliza\u00e7\u00e3o na UFPR s\u00e3o:<\/p>\n\n\n\n<p style=\"font-size:16px\">1 &#8211; <strong>Curr\u00edculo Internacionalizado<\/strong> por meio, por exemplo, de ofertas de <strong>disciplinas internacionais presenciais<\/strong>, ministradas em outras l\u00ednguas (diferentes do portugu\u00eas brasileiro) e\/ou com bibliografia estrangeira tanto na Gradua\u00e7\u00e3o como na p\u00f3s-Gradua\u00e7\u00e3o.<\/p>\n\n\n\n<p style=\"font-size:16px\">&#x1f50e;Para saber mais, acesse a p\u00e1gina de <a href=\"https:\/\/internacional.ufpr.br\/portal\/disciplinas-internacionais-2\/\" target=\"_blank\" rel=\"noreferrer noopener\">Disciplinas Internacionais<\/a>. <br><br>2 &#8211; <strong>Interc\u00e2mbio Virtual de Aprendizagem &#8211; COIL<\/strong>, que possibilita aos estudantes da UFPR a participa\u00e7\u00e3o em disciplinas remotas de outras institui\u00e7\u00f5es internacionais. Estas disciplinas s\u00e3o organizadas por professores da UFPR em parceria com docentes internacionais.<\/p>\n\n\n\n<p style=\"font-size:16px\">&#x1f50e;Para saber mais, acesse a p\u00e1gina do <a href=\"https:\/\/internacional.ufpr.br\/portal\/disciplinas-coil\/\" target=\"_blank\" rel=\"noreferrer noopener\">Interc\u00e2mbio Virtual de Aprendizagem &#8211; COIL<\/a>.<\/p>\n\n\n\n<p style=\"font-size:16px\">3 &#8211; <strong>Eventos interculturais\/internacionais <\/strong>bem como <strong>Cursos de Forma\u00e7\u00e3o a Docentes da UFPR <\/strong>sobre <strong>L\u00ednguas (ingl\u00eas, espanhol, franc\u00eas) como Meio de Instru\u00e7\u00e3o<\/strong>, conhecido como <em>English as a Medium of Instruction (EMI)<\/em>. <\/p>\n\n\n\n<p style=\"font-size:16px\">&#x1f50e;Para saber mais, acesse a p\u00e1gina <a href=\"https:\/\/internacional.ufpr.br\/portal\/linguas-como-meio-de-instrucao-para-docentes\/\" target=\"_blank\" rel=\"noreferrer noopener\">L\u00ednguas como Meio de Instru\u00e7\u00e3o para Docentes<\/a>.<\/p>\n\n\n\n<p style=\"font-size:16px\"><\/p>\n","protected":false},"excerpt":{"rendered":"<p>O conceito de Internacionaliza\u00e7\u00e3o em casa (UFPR) surgiu na d\u00e9cada de 1990 com o objetivo de formar cidad\u00e3os cr\u00edtico-reflexivos a respeito de outras culturas, fornecendo experi\u00eancias multiculturais para todos os estudantes de institui\u00e7\u00f5es de ensino superior (IES). Trata-se, assim, de um processo de integra\u00e7\u00e3o das dimens\u00f5es internacional e intercultural, no curr\u00edculo formal e informal, para [&hellip;]<\/p>\n","protected":false},"author":24,"featured_media":0,"parent":0,"menu_order":0,"comment_status":"closed","ping_status":"closed","template":"","meta":{"_acf_changed":false,"footnotes":""},"class_list":["post-9834","page","type-page","status-publish","hentry"],"acf":[],"_links":{"self":[{"href":"https:\/\/internacional.ufpr.br\/portal\/wp-json\/wp\/v2\/pages\/9834","targetHints":{"allow":["GET"]}}],"collection":[{"href":"https:\/\/internacional.ufpr.br\/portal\/wp-json\/wp\/v2\/pages"}],"about":[{"href":"https:\/\/internacional.ufpr.br\/portal\/wp-json\/wp\/v2\/types\/page"}],"author":[{"embeddable":true,"href":"https:\/\/internacional.ufpr.br\/portal\/wp-json\/wp\/v2\/users\/24"}],"replies":[{"embeddable":true,"href":"https:\/\/internacional.ufpr.br\/portal\/wp-json\/wp\/v2\/comments?post=9834"}],"version-history":[{"count":15,"href":"https:\/\/internacional.ufpr.br\/portal\/wp-json\/wp\/v2\/pages\/9834\/revisions"}],"predecessor-version":[{"id":12735,"href":"https:\/\/internacional.ufpr.br\/portal\/wp-json\/wp\/v2\/pages\/9834\/revisions\/12735"}],"wp:attachment":[{"href":"https:\/\/internacional.ufpr.br\/portal\/wp-json\/wp\/v2\/media?parent=9834"}],"curies":[{"name":"wp","href":"https:\/\/api.w.org\/{rel}","templated":true}]}}