{"id":681,"date":"2018-02-09T09:26:15","date_gmt":"2018-02-09T11:26:15","guid":{"rendered":"http:\/\/internacional.ufpr.br\/portal\/?page_id=681"},"modified":"2024-08-30T14:51:04","modified_gmt":"2024-08-30T17:51:04","slug":"mobilidade-nacional-out","status":"publish","type":"page","link":"https:\/\/internacional.ufpr.br\/portal\/mobilidade-nacional-out\/","title":{"rendered":"Mobilidade Acad\u00eamica Nacional (SA\u00cdDA)"},"content":{"rendered":"<p>A Mobilidade Acad\u00eamica Nacional \u00e9 um programa de interc\u00e2mbio realizado entre a UFPR e as demais IFES do Brasil. O per\u00edodo do interc\u00e2mbio pode ser de 6 a 12 meses.<\/p>\n<p>S\u00e3o lan\u00e7ados dois editais de sele\u00e7\u00e3o por ano (em mar\u00e7o e agosto), com inscri\u00e7\u00f5es em abril\/maio e setembro\/outubro, sempre para sa\u00edda no semestre seguinte ao do Edital lan\u00e7ado. O processo seletivo \u00e9 coordenado pela AUI, do qual podem participar os alunos UFPR regularmente matriculados nos cursos presenciais e que atendam aos requisitos descritos nos editais \u2013 alunos em situa\u00e7\u00e3o de trancamento n\u00e3o podem participar.<\/p>\n<p>Para consultar a rede de IFES conveniadas, acesse <a href=\"https:\/\/www.andifes.org.br\/wp-content\/uploads\/2022\/01\/Mobilidade-Academica.docx.pdf\" target=\"_blank\" rel=\"noopener\">AQUI<\/a><\/p>\n<p>Caso tenha interesse em participar das chamadas do Programa ANDIFES e consultar mais detalhes, <strong>consulte sempre o Edital aberto ou escreva para <\/strong><a href=\"mailto:academico@ufpr.br\"><strong>academico@ufpr.br<\/strong><\/a><strong> :<\/strong><\/p>\n<p><a href=\"https:\/\/internacional.ufpr.br\/portal\/wp-content\/uploads\/2023\/03\/Edital-Nacional_SAIDA-2023.2.pdf\">Edital de sele\u00e7\u00e3o (2023\/2)<\/a> &#8211; <strong>ABERTO<br \/>\n<\/strong><a href=\"https:\/\/internacional.ufpr.br\/portal\/wp-content\/uploads\/2022\/03\/Edital-Nacional_SA\u00cdDA-2022.2.pdf\" target=\"_blank\" rel=\"noopener\">Edital de sele\u00e7\u00e3o (2022\/2)<\/a> &#8211; <strong>ENCERRADO<\/strong><\/p>\n<p><strong>*<\/strong>Os requisitos e regras das chamadas podem mudar de edital para edital sem aviso pr\u00e9vio, segundo interesses institucionais. N\u00e3o h\u00e1 previs\u00e3o de qualquer bolsa ou aux\u00edlio financeiro para a Mobilidade Nacional.<\/p>\n<p><strong><u>*IMPORTANTE<\/u><\/strong>: Na chegada a IFES de destino, assim que realizada a matr\u00edcula, <strong>o aluno UFPR dever\u00e1 enviar imediatamente para <\/strong><a href=\"mailto:academico@ufpr.br\"><strong>academico@ufpr.br<\/strong><\/a><strong> o seu comprovante de matr\u00edcula<\/strong> sob pena de perda do seu registro acad\u00eamico (GRR). O v\u00ednculo do estudante com a UFPR durante o seu interc\u00e2mbio \u00e9 feito pela AUI (<em>status acad\u00eamico mobilidade)<\/em> mediante o envio deste documento, sem o qual pode o aluno incorrer em situa\u00e7\u00e3o de evas\u00e3o por abandono.<\/p>\n","protected":false},"excerpt":{"rendered":"<p>A Mobilidade Acad\u00eamica Nacional \u00e9 um programa de interc\u00e2mbio realizado entre a UFPR e as demais IFES do Brasil. O per\u00edodo do interc\u00e2mbio pode ser de 6 a 12 meses. S\u00e3o lan\u00e7ados dois editais de sele\u00e7\u00e3o por ano (em mar\u00e7o e agosto), com inscri\u00e7\u00f5es em abril\/maio e setembro\/outubro, sempre para sa\u00edda no semestre seguinte ao [&hellip;]<\/p>\n","protected":false},"author":12,"featured_media":0,"parent":0,"menu_order":0,"comment_status":"closed","ping_status":"closed","template":"","meta":{"_acf_changed":false,"footnotes":""},"class_list":["post-681","page","type-page","status-publish","hentry"],"acf":[],"_links":{"self":[{"href":"https:\/\/internacional.ufpr.br\/portal\/wp-json\/wp\/v2\/pages\/681","targetHints":{"allow":["GET"]}}],"collection":[{"href":"https:\/\/internacional.ufpr.br\/portal\/wp-json\/wp\/v2\/pages"}],"about":[{"href":"https:\/\/internacional.ufpr.br\/portal\/wp-json\/wp\/v2\/types\/page"}],"author":[{"embeddable":true,"href":"https:\/\/internacional.ufpr.br\/portal\/wp-json\/wp\/v2\/users\/12"}],"replies":[{"embeddable":true,"href":"https:\/\/internacional.ufpr.br\/portal\/wp-json\/wp\/v2\/comments?post=681"}],"version-history":[{"count":24,"href":"https:\/\/internacional.ufpr.br\/portal\/wp-json\/wp\/v2\/pages\/681\/revisions"}],"predecessor-version":[{"id":6272,"href":"https:\/\/internacional.ufpr.br\/portal\/wp-json\/wp\/v2\/pages\/681\/revisions\/6272"}],"wp:attachment":[{"href":"https:\/\/internacional.ufpr.br\/portal\/wp-json\/wp\/v2\/media?parent=681"}],"curies":[{"name":"wp","href":"https:\/\/api.w.org\/{rel}","templated":true}]}}

Mobilidade Acadêmica Nacional (SAÍDA)

<p>A Mobilidade Acadêmica Nacional é um programa de intercâmbio realizado entre a UFPR e as demais IFES do Brasil. O período do intercâmbio pode ser de 6 a 12 meses.</p>
<p>São lançados dois editais de seleção por ano (em março e agosto), com inscrições em abril/maio e setembro/outubro, sempre para saída no semestre seguinte ao do Edital lançado. O processo seletivo é coordenado pela AUI, do qual podem participar os alunos UFPR regularmente matriculados nos cursos presenciais e que atendam aos requisitos descritos nos editais – alunos em situação de trancamento não podem participar.</p>
<p>Para consultar a rede de IFES conveniadas, acesse <a href="https://www.andifes.org.br/wp-content/uploads/2022/01/Mobilidade-Academica.docx.pdf" target="_blank" rel="noopener">AQUI</a></p>
<p>Caso tenha interesse em participar das chamadas do Programa ANDIFES e consultar mais detalhes, <strong>consulte sempre o Edital aberto ou escreva para </strong><a href="mailto:academico@ufpr.br"><strong>academico@ufpr.br</strong></a><strong> :</strong></p>
<p><a href="https://internacional.ufpr.br/portal/wp-content/uploads/2023/03/Edital-Nacional_SAIDA-2023.2.pdf">Edital de seleção (2023/2)</a> &#8211; <strong>ABERTO<br />
</strong><a href="https://internacional.ufpr.br/portal/wp-content/uploads/2022/03/Edital-Nacional_SAÍDA-2022.2.pdf" target="_blank" rel="noopener">Edital de seleção (2022/2)</a> &#8211; <strong>ENCERRADO</strong></p>
<p><strong>*</strong>Os requisitos e regras das chamadas podem mudar de edital para edital sem aviso prévio, segundo interesses institucionais. Não há previsão de qualquer bolsa ou auxílio financeiro para a Mobilidade Nacional.</p>
<p><strong><u>*IMPORTANTE</u></strong>: Na chegada a IFES de destino, assim que realizada a matrícula, <strong>o aluno UFPR deverá enviar imediatamente para </strong><a href="mailto:academico@ufpr.br"><strong>academico@ufpr.br</strong></a><strong> o seu comprovante de matrícula</strong> sob pena de perda do seu registro acadêmico (GRR). O vínculo do estudante com a UFPR durante o seu intercâmbio é feito pela AUI (<em>status acadêmico mobilidade)</em> mediante o envio deste documento, sem o qual pode o aluno incorrer em situação de evasão por abandono.</p>

<p>A Mobilidade Acadêmica Nacional é um programa de intercâmbio realizado entre a UFPR e as demais IFES do Brasil. O período do intercâmbio pode ser de 6 a 12 meses. São lançados dois editais de seleção por ano (em março e agosto), com inscrições em abril/maio e setembro/outubro, sempre para saída no semestre seguinte ao [&hellip;]</p>
