{"id":665,"date":"2018-02-09T09:04:38","date_gmt":"2018-02-09T11:04:38","guid":{"rendered":"http:\/\/internacional.ufpr.br\/portal\/?page_id=665"},"modified":"2025-08-29T10:18:32","modified_gmt":"2025-08-29T13:18:32","slug":"mobilidade-internacional-ufpr","status":"publish","type":"page","link":"https:\/\/internacional.ufpr.br\/portal\/mobilidade-internacional-ufpr\/","title":{"rendered":"Mobilidade Acad\u00eamica Internacional"},"content":{"rendered":"\n<div style=\"height:15px\" aria-hidden=\"true\" class=\"wp-block-spacer\"><\/div>\n\n\n\n<div class=\"wp-block-columns is-layout-flex wp-container-core-columns-is-layout-9d6595d7 wp-block-columns-is-layout-flex\">\n<div class=\"wp-block-column is-layout-flow wp-block-column-is-layout-flow\" style=\"flex-basis:25%\"><div class=\"wp-block-image\">\n<figure class=\"aligncenter\"><img loading=\"lazy\" decoding=\"async\" width=\"300\" height=\"125\" src=\"http:\/\/internacional.ufpr.br\/portal\/wp-content\/uploads\/2018\/09\/MOBINT-300x125.png\" alt=\"\" class=\"wp-image-3511\" srcset=\"https:\/\/internacional.ufpr.br\/portal\/wp-content\/uploads\/2018\/09\/MOBINT-300x125.png 300w, https:\/\/internacional.ufpr.br\/portal\/wp-content\/uploads\/2018\/09\/MOBINT-24x10.png 24w, https:\/\/internacional.ufpr.br\/portal\/wp-content\/uploads\/2018\/09\/MOBINT.png 674w\" sizes=\"auto, (max-width: 300px) 100vw, 300px\" \/><\/figure>\n<\/div><\/div>\n\n\n\n<div class=\"wp-block-column is-layout-flow wp-block-column-is-layout-flow\" style=\"flex-basis:54%\">\n<p>A Mobilidade Acad\u00eamica Internacional \u00e9 um programa de interc\u00e2mbio realizado entre a UFPR e as universidades estrangeiras com as quais ela mantem acordo bilateral de coopera\u00e7\u00e3o. Atrav\u00e9s desse programa, a UFPR envia e recebe alunos por um per\u00edodo de 6 a 12 meses, sem possibilidade de extens\u00e3o.<\/p>\n\n\n\n<p>Alguns cursos de Gradua\u00e7\u00e3o da UFPR possuem acordos espec\u00edficos de coopera\u00e7\u00e3o acad\u00eamica que tamb\u00e9m oferecem op\u00e7\u00f5es de mobilidade. Para se informar sobre isso, entre em contato com a sua Coordena\u00e7\u00e3o de Curso ou com a Chefia do Departamento para saber se o seu curso participa desses acordos. Nestes casos espec\u00edficos, os crit\u00e9rios adotados nos editais podem variar de curso para curso.<\/p>\n\n\n\n<hr class=\"wp-block-separator has-alpha-channel-opacity\"\/>\n\n\n\n<p>Quer saber qual o custo de vida no seu pa\u00eds de interesse? <a href=\"https:\/\/www.numbeo.com\/cost-of-living\/\" target=\"_blank\" rel=\"noopener\">Consulte aqui.<\/a><\/p>\n\n\n\n<hr class=\"wp-block-separator has-alpha-channel-opacity\"\/>\n\n\n\n<p>Para pesquisar quais&nbsp;as vagas oferecidas pelas Universidades parceiras e as exig\u00eancias de profici\u00eancia lingu\u00edstica: <a href=\"https:\/\/internacional.ufpr.br\/inscricao\/parceria\/idioma\" target=\"_blank\" rel=\"noopener\">consulte aqui.<\/a><\/p>\n<\/div>\n\n\n\n<div class=\"wp-block-column is-layout-flow wp-block-column-is-layout-flow\" style=\"flex-basis:1%\"><\/div>\n\n\n\n<div class=\"wp-block-column has-text-color has-link-color wp-elements-37bfb5bc5d66b41abe36ae6974c069dc is-layout-flow wp-block-column-is-layout-flow\" style=\"color:#003c71;flex-basis:20%\">\n<div class=\"wp-block-columns has-background is-layout-flex wp-container-core-columns-is-layout-9d6595d7 wp-block-columns-is-layout-flex\" style=\"background-color:#f2f2f2\">\n<div class=\"wp-block-column has-background is-layout-flow wp-block-column-is-layout-flow\" style=\"background-color:#f2f2f2;flex-basis:100%\">\n<h4 class=\"wp-block-heading\">Conhe\u00e7a<\/h4>\n\n\n\n<div style=\"height:10px\" aria-hidden=\"true\" class=\"wp-block-spacer\"><\/div>\n\n\n\n<div class=\"wp-block-columns is-not-stacked-on-mobile is-layout-flex wp-container-core-columns-is-layout-9d6595d7 wp-block-columns-is-layout-flex\">\n<div class=\"wp-block-column has-white-background-color has-text-color has-background has-link-color wp-elements-2dfc98e159aa2a890f0a3aa2e91d7077 is-layout-flow wp-block-column-is-layout-flow\" style=\"color:#003c71\">\n<div style=\"height:20px\" aria-hidden=\"true\" class=\"wp-block-spacer\"><\/div>\n\n\n<div class=\"wp-block-image is-style-default\">\n<figure class=\"aligncenter size-full is-resized\" id=\"topo\"><a href=\"https:\/\/internacional.ufpr.br\/portal\/editais-pmi\/\"><img loading=\"lazy\" decoding=\"async\" width=\"512\" height=\"512\" src=\"https:\/\/internacional.ufpr.br\/portal\/wp-content\/uploads\/2025\/08\/Icone_DocumentosMao_Verde_Eri.png\" alt=\"\" class=\"wp-image-9779\" style=\"object-fit:cover;width:80px;height:80px\" srcset=\"https:\/\/internacional.ufpr.br\/portal\/wp-content\/uploads\/2025\/08\/Icone_DocumentosMao_Verde_Eri.png 512w, https:\/\/internacional.ufpr.br\/portal\/wp-content\/uploads\/2025\/08\/Icone_DocumentosMao_Verde_Eri-300x300.png 300w, https:\/\/internacional.ufpr.br\/portal\/wp-content\/uploads\/2025\/08\/Icone_DocumentosMao_Verde_Eri-150x150.png 150w, https:\/\/internacional.ufpr.br\/portal\/wp-content\/uploads\/2025\/08\/Icone_DocumentosMao_Verde_Eri-10x10.png 10w\" sizes=\"auto, (max-width: 512px) 100vw, 512px\" \/><\/a><\/figure>\n<\/div>\n\n\n<p class=\"has-text-align-center has-text-color has-link-color wp-elements-b339f4d4abcdff1171d669c3336eb93a\" style=\"color:#243673;font-size:14px\"><strong><strong><a href=\"https:\/\/internacional.ufpr.br\/portal\/editais-pmi\/\">Editais MAI<\/a><\/strong><\/strong><\/p>\n\n\n\n<div style=\"height:10px\" aria-hidden=\"true\" class=\"wp-block-spacer\"><\/div>\n<\/div>\n<\/div>\n<\/div>\n<\/div>\n<\/div>\n<\/div>\n","protected":false},"excerpt":{"rendered":"<p>A Mobilidade Acad\u00eamica Internacional \u00e9 um programa de interc\u00e2mbio realizado entre a UFPR e as universidades estrangeiras com as quais ela mantem acordo bilateral de coopera\u00e7\u00e3o. Atrav\u00e9s desse programa, a UFPR envia e recebe alunos por um per\u00edodo de 6 a 12 meses, sem possibilidade de extens\u00e3o. Alguns cursos de Gradua\u00e7\u00e3o da UFPR possuem acordos [&hellip;]<\/p>\n","protected":false},"author":12,"featured_media":0,"parent":0,"menu_order":0,"comment_status":"closed","ping_status":"closed","template":"","meta":{"_acf_changed":false,"footnotes":""},"class_list":["post-665","page","type-page","status-publish","hentry"],"acf":[],"_links":{"self":[{"href":"https:\/\/internacional.ufpr.br\/portal\/wp-json\/wp\/v2\/pages\/665","targetHints":{"allow":["GET"]}}],"collection":[{"href":"https:\/\/internacional.ufpr.br\/portal\/wp-json\/wp\/v2\/pages"}],"about":[{"href":"https:\/\/internacional.ufpr.br\/portal\/wp-json\/wp\/v2\/types\/page"}],"author":[{"embeddable":true,"href":"https:\/\/internacional.ufpr.br\/portal\/wp-json\/wp\/v2\/users\/12"}],"replies":[{"embeddable":true,"href":"https:\/\/internacional.ufpr.br\/portal\/wp-json\/wp\/v2\/comments?post=665"}],"version-history":[{"count":51,"href":"https:\/\/internacional.ufpr.br\/portal\/wp-json\/wp\/v2\/pages\/665\/revisions"}],"predecessor-version":[{"id":10138,"href":"https:\/\/internacional.ufpr.br\/portal\/wp-json\/wp\/v2\/pages\/665\/revisions\/10138"}],"wp:attachment":[{"href":"https:\/\/internacional.ufpr.br\/portal\/wp-json\/wp\/v2\/media?parent=665"}],"curies":[{"name":"wp","href":"https:\/\/api.w.org\/{rel}","templated":true}]}}