{"id":629,"date":"2018-02-06T09:04:44","date_gmt":"2018-02-06T11:04:44","guid":{"rendered":"http:\/\/internacional.ufpr.br\/portal\/?page_id=629"},"modified":"2019-01-25T09:38:39","modified_gmt":"2019-01-25T11:38:39","slug":"refugiados-e-migrantes","status":"publish","type":"page","link":"https:\/\/internacional.ufpr.br\/portal\/refugiados-e-migrantes\/","title":{"rendered":"Refugiados e Migrantes"},"content":{"rendered":"<p style=\"text-align: justify;\">A UFPR desenvolve diversos projetos focados na integra\u00e7\u00e3o social e reingresso acad\u00eamico de refugiados e portadores de visto humanit\u00e1rio. Para participar destas atividades o interessado dever\u00e1 obrigatoriamente possuir um visto de refugiado ou humanit\u00e1rio.<\/p>\n<p style=\"text-align: justify;\">O <strong>ref\u00fagio<\/strong> \u00e9 aplicado a pessoas que deixam seus pa\u00edses de origem sob fundado temor de persegui\u00e7\u00e3o ou em situa\u00e7\u00f5es de conflito armado, sendo regido por uma conven\u00e7\u00e3o internacional de 1951.<\/p>\n<p style=\"text-align: justify;\">O\u00a0<strong>visto humanit\u00e1rio<\/strong> pode ser aplicado a essas mesmas situa\u00e7\u00f5es, mas tamb\u00e9m a v\u00edtimas de crises econ\u00f4micas e ambientais &#8211; categorias n\u00e3o contempladas no ref\u00fagio. Este tipo de visto \u00e9 concedido\u00a0pelo\u00a0Itamaraty e o Minist\u00e9rio da Justi\u00e7a e \u00e9 regido por leis brasileiras, como a Resolu\u00e7\u00e3o Normativa n\u00ba 97, de 2012, (para os haitianos) e a Resolu\u00e7\u00e3o Normativa n\u00ba 17 de 2013 (para os s\u00edrios).<\/p>\n<p style=\"text-align: justify;\">Em uma inciativa pioneira, a UFPR desenvolveu o <strong>Pol\u00edtica Migrat\u00f3ria e a Universidade Brasileira<\/strong>, um programa de extens\u00e3o que tem como principal objetivo o acolhimento de migrantes e refugiados em Curitiba e regi\u00e3o. Esse projeto oferece \u00e0 migrantes e refugiados, de diferentes nacionalidades, diversas atividades, como aulas de portugu\u00eas, assessoria e orienta\u00e7\u00e3o jur\u00eddica, aulas de inform\u00e1tica, atendimento psicol\u00f3gico, aulas de hist\u00f3ria de Brasil, entre outras.<\/p>\n<p><strong>Atendimento ao migrante e refugiado:<br \/>\nUFPR \u2013 Campus Santos Andrade, sala 28<br \/>\nHor\u00e1rio de atendimento: de segunda-feira \u00e0 sexta-feira, das 14h \u00e0s 20h.<br \/>\nTel.: (41) 3310-2760<\/strong><\/p>\n<p><strong>Email:<\/strong>\u00a0<a href=\"mailto:pbmih.ufpr@gmail.com\" target=\"_blank\" rel=\"noopener\">pbmih.ufpr@gmail.com<\/a><\/p>\n<p><a href=\"http:\/\/www.migracoes.ufpr.br\/site-pbmih\/\" target=\"_blank\" rel=\"noopener\">Para outras informa\u00e7\u00f5es acesse aqui o site do programa.<\/a><\/p>\n","protected":false},"excerpt":{"rendered":"<p>A UFPR desenvolve diversos projetos focados na integra\u00e7\u00e3o social e reingresso acad\u00eamico de refugiados e portadores de visto humanit\u00e1rio. Para participar destas atividades o interessado dever\u00e1 obrigatoriamente possuir um visto de refugiado ou humanit\u00e1rio. O ref\u00fagio \u00e9 aplicado a pessoas que deixam seus pa\u00edses de origem sob fundado temor de persegui\u00e7\u00e3o ou em situa\u00e7\u00f5es de [&hellip;]<\/p>\n","protected":false},"author":12,"featured_media":0,"parent":0,"menu_order":0,"comment_status":"closed","ping_status":"closed","template":"","meta":{"_acf_changed":false,"footnotes":""},"class_list":["post-629","page","type-page","status-publish","hentry"],"acf":[],"_links":{"self":[{"href":"https:\/\/internacional.ufpr.br\/portal\/wp-json\/wp\/v2\/pages\/629","targetHints":{"allow":["GET"]}}],"collection":[{"href":"https:\/\/internacional.ufpr.br\/portal\/wp-json\/wp\/v2\/pages"}],"about":[{"href":"https:\/\/internacional.ufpr.br\/portal\/wp-json\/wp\/v2\/types\/page"}],"author":[{"embeddable":true,"href":"https:\/\/internacional.ufpr.br\/portal\/wp-json\/wp\/v2\/users\/12"}],"replies":[{"embeddable":true,"href":"https:\/\/internacional.ufpr.br\/portal\/wp-json\/wp\/v2\/comments?post=629"}],"version-history":[{"count":11,"href":"https:\/\/internacional.ufpr.br\/portal\/wp-json\/wp\/v2\/pages\/629\/revisions"}],"predecessor-version":[{"id":3994,"href":"https:\/\/internacional.ufpr.br\/portal\/wp-json\/wp\/v2\/pages\/629\/revisions\/3994"}],"wp:attachment":[{"href":"https:\/\/internacional.ufpr.br\/portal\/wp-json\/wp\/v2\/media?parent=629"}],"curies":[{"name":"wp","href":"https:\/\/api.w.org\/{rel}","templated":true}]}}