{"id":625,"date":"2018-02-06T09:02:41","date_gmt":"2018-02-06T11:02:41","guid":{"rendered":"http:\/\/internacional.ufpr.br\/portal\/?page_id=625"},"modified":"2025-08-29T15:00:28","modified_gmt":"2025-08-29T18:00:28","slug":"cursos-de-linguas","status":"publish","type":"page","link":"https:\/\/internacional.ufpr.br\/portal\/cursos-de-linguas\/","title":{"rendered":"Cursos de L\u00ednguas"},"content":{"rendered":"\n<p>Acesse <a href=\"https:\/\/internacional.ufpr.br\/portal\/wp-content\/uploads\/2022\/07\/RESOLUCAO-No-45-22-CEPE.pdf\">aqui<\/a> a Resolu\u00e7\u00e3o que prev\u00ea as Pol\u00edticas Lingu\u00edsticas da UFPR.  Aten\u00e7\u00e3o, a Resolu\u00e7\u00e3o de Pol\u00edticas Lingu\u00edsticas ser\u00e1 reelaborada e, em breve, publicada, dentro das perspectivas da nova gest\u00e3o. <\/p>\n\n\n\n<p><strong>Editais espec\u00edficos de Pol\u00edticas Lingu\u00edsticas<\/strong><\/p>\n\n\n\n<p><a href=\"https:\/\/internacional.ufpr.br\/portal\/2025\/03\/07\/pbmih-edital-de-selecao-de-bolsistas-de-letras-para-aulas-de-portugues-a-refugiados\/\" data-type=\"link\" data-id=\"https:\/\/internacional.ufpr.br\/portal\/2025\/03\/07\/pbmih-edital-de-selecao-de-bolsistas-de-letras-para-aulas-de-portugues-a-refugiados\/\">PBMIH: Edital de sele\u00e7\u00e3o de bolsistas de Letras para aulas de portugu\u00eas a refugiados<\/a><\/p>\n\n\n\n<p><a href=\"https:\/\/internacional.ufpr.br\/portal\/2025\/03\/17\/pbmih-edital-de-resultado-de-selecao-de-bolsistas-de-letras-para-aulas-de-portugues-a-refugiados\/\" data-type=\"link\" data-id=\"https:\/\/internacional.ufpr.br\/portal\/2025\/03\/17\/pbmih-edital-de-resultado-de-selecao-de-bolsistas-de-letras-para-aulas-de-portugues-a-refugiados\/\">PBMIH: Edital de resultado de sele\u00e7\u00e3o de bolsistas de Letras para aulas de portugu\u00eas a refugiados<\/a><\/p>\n\n\n\n<div style=\"height:50px\" aria-hidden=\"true\" class=\"wp-block-spacer\"><\/div>\n\n\n\n<div class=\"wp-block-columns is-layout-flex wp-container-core-columns-is-layout-9d6595d7 wp-block-columns-is-layout-flex\">\n<div class=\"wp-block-column is-layout-flow wp-block-column-is-layout-flow\" style=\"flex-basis:100%\">\n<div class=\"wp-block-columns is-not-stacked-on-mobile is-layout-flex wp-container-core-columns-is-layout-9d6595d7 wp-block-columns-is-layout-flex\">\n<div class=\"wp-block-column has-text-color has-link-color wp-elements-a7b0891be1ef75f0592c1bb63d3a4170 is-layout-flow wp-block-column-is-layout-flow\" style=\"color:#003c71\"><div class=\"wp-block-image is-style-default\">\n<figure class=\"aligncenter size-full is-resized\"><a href=\"https:\/\/internacional.ufpr.br\/portal\/linguas-para-internacionalizacao\/\"><img loading=\"lazy\" decoding=\"async\" width=\"512\" height=\"512\" src=\"https:\/\/internacional.ufpr.br\/portal\/wp-content\/uploads\/2025\/07\/Icone_CursoDeLinguas_Verde_Eri.png\" alt=\"\" class=\"wp-image-9012\" style=\"object-fit:cover;width:70px;height:auto\" srcset=\"https:\/\/internacional.ufpr.br\/portal\/wp-content\/uploads\/2025\/07\/Icone_CursoDeLinguas_Verde_Eri.png 512w, https:\/\/internacional.ufpr.br\/portal\/wp-content\/uploads\/2025\/07\/Icone_CursoDeLinguas_Verde_Eri-300x300.png 300w, https:\/\/internacional.ufpr.br\/portal\/wp-content\/uploads\/2025\/07\/Icone_CursoDeLinguas_Verde_Eri-150x150.png 150w, https:\/\/internacional.ufpr.br\/portal\/wp-content\/uploads\/2025\/07\/Icone_CursoDeLinguas_Verde_Eri-10x10.png 10w\" sizes=\"auto, (max-width: 512px) 100vw, 512px\" \/><\/a><\/figure>\n<\/div>\n\n\n<p class=\"has-text-align-center has-text-color has-link-color wp-elements-783b2ad201b81d3649a2293a4c009db2\" style=\"color:#0d518c;font-size:14px\"><a href=\"https:\/\/internacional.ufpr.br\/portal\/linguas-para-internacionalizacao\/\"><strong>L\u00ednguas para <\/strong><br><strong>Internacionaliza\u00e7\u00e3o<\/strong><\/a><\/p>\n<\/div>\n\n\n\n<div class=\"wp-block-column has-text-color has-link-color wp-elements-23392d9cd6fdf181b04cc14c5352801d is-layout-flow wp-block-column-is-layout-flow\" style=\"color:#003c71\"><div class=\"wp-block-image is-style-default\">\n<figure class=\"aligncenter size-full is-resized\"><a href=\"https:\/\/internacional.ufpr.br\/portal\/testes-de-proficiencia\/\"><img loading=\"lazy\" decoding=\"async\" width=\"512\" height=\"512\" src=\"https:\/\/internacional.ufpr.br\/portal\/wp-content\/uploads\/2025\/08\/Icone_Qualificacao_Verde_Eri.png\" alt=\"\" class=\"wp-image-10225\" style=\"object-fit:cover;width:70px;height:auto\" srcset=\"https:\/\/internacional.ufpr.br\/portal\/wp-content\/uploads\/2025\/08\/Icone_Qualificacao_Verde_Eri.png 512w, https:\/\/internacional.ufpr.br\/portal\/wp-content\/uploads\/2025\/08\/Icone_Qualificacao_Verde_Eri-300x300.png 300w, https:\/\/internacional.ufpr.br\/portal\/wp-content\/uploads\/2025\/08\/Icone_Qualificacao_Verde_Eri-150x150.png 150w, https:\/\/internacional.ufpr.br\/portal\/wp-content\/uploads\/2025\/08\/Icone_Qualificacao_Verde_Eri-10x10.png 10w\" sizes=\"auto, (max-width: 512px) 100vw, 512px\" \/><\/a><\/figure>\n<\/div>\n\n\n<p class=\"has-text-align-center has-text-color has-link-color wp-elements-9334c781d66212260ac1c1a2c750c194\" style=\"color:#0d518c;font-size:14px\"><strong><a href=\"https:\/\/internacional.ufpr.br\/portal\/testes-de-proficiencia\/\">Testes de Profici\u00eancia<\/a><\/strong><\/p>\n<\/div>\n<\/div>\n<\/div>\n\n\n\n<div class=\"wp-block-column is-layout-flow wp-block-column-is-layout-flow\" style=\"flex-basis:100%\">\n<div class=\"wp-block-columns is-not-stacked-on-mobile is-layout-flex wp-container-core-columns-is-layout-9d6595d7 wp-block-columns-is-layout-flex\">\n<div class=\"wp-block-column has-text-color has-link-color wp-elements-b720f6754d724831b871c7b74b87f485 is-layout-flow wp-block-column-is-layout-flow\" style=\"color:#003c71\"><div class=\"wp-block-image is-style-default\">\n<figure class=\"aligncenter size-full is-resized\"><a href=\"https:\/\/internacional.ufpr.br\/portal\/linguas-como-meio-de-instrucao-para-docentes\/\"><img loading=\"lazy\" decoding=\"async\" width=\"512\" height=\"512\" src=\"https:\/\/internacional.ufpr.br\/portal\/wp-content\/uploads\/2025\/08\/Icone_Docente_Verde_Eri.png\" alt=\"\" class=\"wp-image-10227\" style=\"object-fit:cover;width:70px;height:auto\" srcset=\"https:\/\/internacional.ufpr.br\/portal\/wp-content\/uploads\/2025\/08\/Icone_Docente_Verde_Eri.png 512w, https:\/\/internacional.ufpr.br\/portal\/wp-content\/uploads\/2025\/08\/Icone_Docente_Verde_Eri-300x300.png 300w, https:\/\/internacional.ufpr.br\/portal\/wp-content\/uploads\/2025\/08\/Icone_Docente_Verde_Eri-150x150.png 150w, https:\/\/internacional.ufpr.br\/portal\/wp-content\/uploads\/2025\/08\/Icone_Docente_Verde_Eri-10x10.png 10w\" sizes=\"auto, (max-width: 512px) 100vw, 512px\" \/><\/a><\/figure>\n<\/div>\n\n\n<p class=\"has-text-align-center has-text-color has-link-color wp-elements-d624e118d625d560740096124b551770\" style=\"color:#0d518c;font-size:14px\"><strong><a href=\"https:\/\/internacional.ufpr.br\/portal\/linguas-como-meio-de-instrucao-para-docentes\/\">L\u00ednguas como Meio de <\/a><\/strong><br><strong><a href=\"https:\/\/internacional.ufpr.br\/portal\/linguas-como-meio-de-instrucao-para-docentes\/\">Instru\u00e7\u00e3o para Docentes<\/a><\/strong><\/p>\n<\/div>\n\n\n\n<div class=\"wp-block-column has-text-color has-link-color wp-elements-e0f4feb533ed47575c82ad31374f6bc7 is-layout-flow wp-block-column-is-layout-flow\" style=\"color:#003c71\"><div class=\"wp-block-image is-style-default\">\n<figure class=\"aligncenter size-full is-resized\"><a href=\"https:\/\/internacional.ufpr.br\/portal\/perguntas-frequentes-faq\/#cursos\"><img loading=\"lazy\" decoding=\"async\" width=\"512\" height=\"512\" src=\"https:\/\/internacional.ufpr.br\/portal\/wp-content\/uploads\/2025\/08\/Icone_PergutasFrequentes_Verde_Eri.png\" alt=\"\" class=\"wp-image-9212\" style=\"object-fit:cover;width:70px;height:auto\" srcset=\"https:\/\/internacional.ufpr.br\/portal\/wp-content\/uploads\/2025\/08\/Icone_PergutasFrequentes_Verde_Eri.png 512w, https:\/\/internacional.ufpr.br\/portal\/wp-content\/uploads\/2025\/08\/Icone_PergutasFrequentes_Verde_Eri-300x300.png 300w, https:\/\/internacional.ufpr.br\/portal\/wp-content\/uploads\/2025\/08\/Icone_PergutasFrequentes_Verde_Eri-150x150.png 150w, https:\/\/internacional.ufpr.br\/portal\/wp-content\/uploads\/2025\/08\/Icone_PergutasFrequentes_Verde_Eri-10x10.png 10w\" sizes=\"auto, (max-width: 512px) 100vw, 512px\" \/><\/a><\/figure>\n<\/div>\n\n\n<p class=\"has-text-align-center has-text-color has-link-color wp-elements-efc7c4f82029335611c5130adb192564\" style=\"color:#0d518c;font-size:14px\"><a href=\"https:\/\/internacional.ufpr.br\/portal\/perguntas-frequentes-faq\/#cursos\"><strong>Perguntas Frequentes <\/strong><br><strong>FAQ<\/strong><\/a><\/p>\n<\/div>\n<\/div>\n<\/div>\n<\/div>\n","protected":false},"excerpt":{"rendered":"<p>Acesse aqui a Resolu\u00e7\u00e3o que prev\u00ea as Pol\u00edticas Lingu\u00edsticas da UFPR. Aten\u00e7\u00e3o, a Resolu\u00e7\u00e3o de Pol\u00edticas Lingu\u00edsticas ser\u00e1 reelaborada e, em breve, publicada, dentro das perspectivas da nova gest\u00e3o. Editais espec\u00edficos de Pol\u00edticas Lingu\u00edsticas PBMIH: Edital de sele\u00e7\u00e3o de bolsistas de Letras para aulas de portugu\u00eas a refugiados PBMIH: Edital de resultado de sele\u00e7\u00e3o de [&hellip;]<\/p>\n","protected":false},"author":12,"featured_media":0,"parent":0,"menu_order":0,"comment_status":"closed","ping_status":"closed","template":"","meta":{"_acf_changed":false,"footnotes":""},"class_list":["post-625","page","type-page","status-publish","hentry"],"acf":[],"_links":{"self":[{"href":"https:\/\/internacional.ufpr.br\/portal\/wp-json\/wp\/v2\/pages\/625","targetHints":{"allow":["GET"]}}],"collection":[{"href":"https:\/\/internacional.ufpr.br\/portal\/wp-json\/wp\/v2\/pages"}],"about":[{"href":"https:\/\/internacional.ufpr.br\/portal\/wp-json\/wp\/v2\/types\/page"}],"author":[{"embeddable":true,"href":"https:\/\/internacional.ufpr.br\/portal\/wp-json\/wp\/v2\/users\/12"}],"replies":[{"embeddable":true,"href":"https:\/\/internacional.ufpr.br\/portal\/wp-json\/wp\/v2\/comments?post=625"}],"version-history":[{"count":17,"href":"https:\/\/internacional.ufpr.br\/portal\/wp-json\/wp\/v2\/pages\/625\/revisions"}],"predecessor-version":[{"id":10268,"href":"https:\/\/internacional.ufpr.br\/portal\/wp-json\/wp\/v2\/pages\/625\/revisions\/10268"}],"wp:attachment":[{"href":"https:\/\/internacional.ufpr.br\/portal\/wp-json\/wp\/v2\/media?parent=625"}],"curies":[{"name":"wp","href":"https:\/\/api.w.org\/{rel}","templated":true}]}}