{"id":4017,"date":"2019-02-05T18:19:57","date_gmt":"2019-02-05T20:19:57","guid":{"rendered":"https:\/\/internacional.ufpr.br\/portal\/?page_id=4017"},"modified":"2024-01-05T08:47:16","modified_gmt":"2024-01-05T11:47:16","slug":"print-2","status":"publish","type":"page","link":"https:\/\/internacional.ufpr.br\/portal\/print-2\/","title":{"rendered":"Programa de Internacionaliza\u00e7\u00e3o (CAPES\/PrInt)"},"content":{"rendered":"<p>O PrInt \u00e9 Programa Institucional de Internacionaliza\u00e7\u00e3o da Capes, que tem o objetivo de \u201cfomentar a constru\u00e7\u00e3o, a implementa\u00e7\u00e3o e a consolida\u00e7\u00e3o de planos estrat\u00e9gicos de internacionaliza\u00e7\u00e3o das institui\u00e7\u00f5es contempladas nas \u00e1reas do conhecimento por elas priorizadas; Estimular a forma\u00e7\u00e3o de redes de pesquisas internacionais com vistas a aprimorar a qualidade da produ\u00e7\u00e3o acad\u00eamica vinculadas \u00e0 p\u00f3s-gradua\u00e7\u00e3o; Ampliar as a\u00e7\u00f5es de apoio \u00e0 internacionaliza\u00e7\u00e3o na p\u00f3s-gradua\u00e7\u00e3o das institui\u00e7\u00f5es contempladas; Promover a mobilidade de docentes e discentes, com \u00eanfase em doutorandos, p\u00f3s-doutorandos e docentes para o exterior e do exterior para o Brasil, vinculados a programas de p\u00f3s-gradua\u00e7\u00e3o stricto sensu com coopera\u00e7\u00e3o internacional; Fomentar a transforma\u00e7\u00e3o das institui\u00e7\u00f5es participantes em um ambiente internacional; e Integrar outras a\u00e7\u00f5es de fomento da Capes ao esfor\u00e7o de internacionaliza\u00e7\u00e3o.\u201d O Programa tem 4 anos de dura\u00e7\u00e3o, com in\u00edcio em novembro de 2018.<\/p>\n<p>Os itens financi\u00e1veis pelo PrInt s\u00e3o:<\/p>\n<ul>\n<li>Aux\u00edlio para Miss\u00f5es de Trabalho no Exterior;<\/li>\n<li>Recursos para Manuten\u00e7\u00e3o de Projetos;<\/li>\n<li>Bolsas no Exterior:\n<ul>\n<li>Doutorado Sandu\u00edche;<\/li>\n<li>Professor Visitante Junior (antigo p\u00f3s-doutorado com v\u00ednculo empregat\u00edcio);<\/li>\n<li>Professor Visitante S\u00eanior (antigo est\u00e1gio s\u00eanior no exterior);<\/li>\n<li>Capacita\u00e7\u00e3o em cursos de curta dura\u00e7\u00e3o ou \u201csummer\/winter schools\u201d.<\/li>\n<\/ul>\n<\/li>\n<li>Bolsas no Pa\u00eds:\n<ul>\n<li>Jovem Talento;<\/li>\n<li>Professor Visitante;<\/li>\n<li>P\u00f3s-Doutorado.<\/li>\n<\/ul>\n<\/li>\n<\/ul>\n<p>Os Editais referentes ao PrInt, divulgados pela Capes, podem ser acessados <a href=\"http:\/\/www.capes.gov.br\/cooperacao-internacional\/multinacional\/programa-institucional-de-internacionalizacao-capes-print\" target=\"_blank\" rel=\"noopener\">aqui<\/a>.<\/p>\n<p><a href=\"http:\/\/www.prppg.ufpr.br\/site\/print\/pb\/\" target=\"_blank\" rel=\"noopener\">Secretaria do Capes-PrInt\/UFPR na\u00a0Pr\u00f3-Reitoria de Pesquisa P\u00f3s-Gradua\u00e7\u00e3o<\/a><\/p>\n<hr \/>\n<p><a href=\"http:\/\/www.ufpr.br\/portalufpr\/noticias\/ufpr-comemora-aprovacao-de-r-486-milhoes-do-capes-print-para-plano-de-internacionalizacao\/\" target=\"_blank\" rel=\"noopener\"><strong>UFPR comemora aprova\u00e7\u00e3o de R$ 48,6 milh\u00f5es do Capes Print para plano de internacionaliza\u00e7\u00e3o<\/strong><\/a><\/p>\n","protected":false},"excerpt":{"rendered":"<p>O PrInt \u00e9 Programa Institucional de Internacionaliza\u00e7\u00e3o da Capes, que tem o objetivo de \u201cfomentar a constru\u00e7\u00e3o, a implementa\u00e7\u00e3o e a consolida\u00e7\u00e3o de planos estrat\u00e9gicos de internacionaliza\u00e7\u00e3o das institui\u00e7\u00f5es contempladas nas \u00e1reas do conhecimento por elas priorizadas; Estimular a forma\u00e7\u00e3o de redes de pesquisas internacionais com vistas a aprimorar a qualidade da produ\u00e7\u00e3o acad\u00eamica vinculadas [&hellip;]<\/p>\n","protected":false},"author":12,"featured_media":0,"parent":0,"menu_order":0,"comment_status":"closed","ping_status":"closed","template":"","meta":{"_acf_changed":false,"footnotes":""},"class_list":["post-4017","page","type-page","status-publish","hentry"],"acf":[],"_links":{"self":[{"href":"https:\/\/internacional.ufpr.br\/portal\/wp-json\/wp\/v2\/pages\/4017","targetHints":{"allow":["GET"]}}],"collection":[{"href":"https:\/\/internacional.ufpr.br\/portal\/wp-json\/wp\/v2\/pages"}],"about":[{"href":"https:\/\/internacional.ufpr.br\/portal\/wp-json\/wp\/v2\/types\/page"}],"author":[{"embeddable":true,"href":"https:\/\/internacional.ufpr.br\/portal\/wp-json\/wp\/v2\/users\/12"}],"replies":[{"embeddable":true,"href":"https:\/\/internacional.ufpr.br\/portal\/wp-json\/wp\/v2\/comments?post=4017"}],"version-history":[{"count":6,"href":"https:\/\/internacional.ufpr.br\/portal\/wp-json\/wp\/v2\/pages\/4017\/revisions"}],"predecessor-version":[{"id":6873,"href":"https:\/\/internacional.ufpr.br\/portal\/wp-json\/wp\/v2\/pages\/4017\/revisions\/6873"}],"wp:attachment":[{"href":"https:\/\/internacional.ufpr.br\/portal\/wp-json\/wp\/v2\/media?parent=4017"}],"curies":[{"name":"wp","href":"https:\/\/api.w.org\/{rel}","templated":true}]}}