{"id":210,"date":"2017-10-03T15:07:56","date_gmt":"2017-10-03T18:07:56","guid":{"rendered":"http:\/\/internacional.ufpr.br\/portal\/?page_id=210"},"modified":"2024-12-23T10:01:00","modified_gmt":"2024-12-23T13:01:00","slug":"localizacao","status":"publish","type":"page","link":"https:\/\/internacional.ufpr.br\/portal\/localizacao\/","title":{"rendered":"Localiza\u00e7\u00e3o"},"content":{"rendered":"<p><strong>Escrit\u00f3rio de Rela\u00e7\u00f5es Internacionais &#8211; ERI<\/strong><br \/>\nRua Dr. Faivre, 405 &#8211; 2\u00ba Andar &#8211; Reitoria &#8211; Dom Pedro II<br \/>\n80060-140 &#8211; Curitiba\/PR &#8211; Brazil<\/p>\n<p>Google Maps : <a href=\"https:\/\/goo.gl\/maps\/Cmx9WZ69EmxsgWgt5\" target=\"_blank\" rel=\"noopener\">clique aqui<\/a><\/p>\n<p><iframe loading=\"lazy\" style=\"border: 0;\" src=\"https:\/\/www.google.com\/maps\/embed?pb=!1m18!1m12!1m3!1d1770.7215096715036!2d-49.264487841769146!3d-25.42668365408724!2m3!1f0!2f0!3f0!3m2!1i1024!2i768!4f13.1!3m3!1m2!1s0x94dce43f9188f597%3A0x7d90715868e92498!2sR.%20Dr.%20Faivre%2C%20405%20-%20Centro%2C%20Curitiba%20-%20PR%2C%2080060-140!5e0!3m2!1spt-BR!2sbr!4v1596038895896\" width=\"600\" height=\"450\" frameborder=\"0\" allowfullscreen=\"allowfullscreen\"><\/iframe><\/p>\n","protected":false},"excerpt":{"rendered":"<p>Escrit\u00f3rio de Rela\u00e7\u00f5es Internacionais &#8211; ERI Rua Dr. Faivre, 405 &#8211; 2\u00ba Andar &#8211; Reitoria &#8211; Dom Pedro II 80060-140 &#8211; Curitiba\/PR &#8211; Brazil Google Maps : clique aqui<\/p>\n","protected":false},"author":12,"featured_media":0,"parent":0,"menu_order":0,"comment_status":"closed","ping_status":"closed","template":"","meta":{"_acf_changed":false,"footnotes":""},"class_list":["post-210","page","type-page","status-publish","hentry"],"acf":[],"_links":{"self":[{"href":"https:\/\/internacional.ufpr.br\/portal\/wp-json\/wp\/v2\/pages\/210","targetHints":{"allow":["GET"]}}],"collection":[{"href":"https:\/\/internacional.ufpr.br\/portal\/wp-json\/wp\/v2\/pages"}],"about":[{"href":"https:\/\/internacional.ufpr.br\/portal\/wp-json\/wp\/v2\/types\/page"}],"author":[{"embeddable":true,"href":"https:\/\/internacional.ufpr.br\/portal\/wp-json\/wp\/v2\/users\/12"}],"replies":[{"embeddable":true,"href":"https:\/\/internacional.ufpr.br\/portal\/wp-json\/wp\/v2\/comments?post=210"}],"version-history":[{"count":12,"href":"https:\/\/internacional.ufpr.br\/portal\/wp-json\/wp\/v2\/pages\/210\/revisions"}],"predecessor-version":[{"id":7561,"href":"https:\/\/internacional.ufpr.br\/portal\/wp-json\/wp\/v2\/pages\/210\/revisions\/7561"}],"wp:attachment":[{"href":"https:\/\/internacional.ufpr.br\/portal\/wp-json\/wp\/v2\/media?parent=210"}],"curies":[{"name":"wp","href":"https:\/\/api.w.org\/{rel}","templated":true}]}}