{"id":132,"date":"2017-10-03T14:28:33","date_gmt":"2017-10-03T17:28:33","guid":{"rendered":"http:\/\/internacional.ufpr.br\/portal\/?page_id=132"},"modified":"2026-04-21T14:48:06","modified_gmt":"2026-04-21T17:48:06","slug":"equipe","status":"publish","type":"page","link":"https:\/\/internacional.ufpr.br\/portal\/equipe\/","title":{"rendered":"Equipe ERI e Contatos"},"content":{"rendered":"\n<p><strong>Coordenadoria do Escrit\u00f3rio de Rela\u00e7\u00f5es Internacionais:<\/strong> <br>Superintendente Profa. Dra. Aida Maris Peres <br>E-mail: internacional@ufpr.br &#8211; <a href=\"https:\/\/outlook.office365.com\/owa\/calendar\/6c731f4822054e26923eca2fd26ec846@ufpr.br\/866ad34806cf4eb790e2ed6e804c22bd3090636714152347266\/calendar.html\" target=\"_blank\" rel=\"noreferrer noopener\">Agenda<\/a> &#8211; <a href=\"http:\/\/lattes.cnpq.br\/2172559545856592\" target=\"_blank\" rel=\"noreferrer noopener\">Lattes<\/a><br><br><strong>Coordenadoria de Acolhimento e Trajet\u00f3rias Acad\u00eamicas de Estudantes Internacionais e Migrantes (CATRIM)<\/strong>:<br>Coordenadora: Nathielly Daiany Oliveira Santos<br>E-mail:&nbsp;nathielly@ufpr.br  <br>Contato da CATRIM via WhatsApp &#8211; <a href=\"https:\/\/wa.link\/iuibpg\" target=\"_blank\" rel=\"noopener\"><img loading=\"lazy\" decoding=\"async\" width=\"17\" height=\"17\" class=\"wp-image-8022\" src=\"https:\/\/internacional.ufpr.br\/portal\/wp-content\/uploads\/2025\/03\/WhatsApp_Logo_PNG_Transparente_Sem_Fundo-150x150.png\" alt=\"\" srcset=\"https:\/\/internacional.ufpr.br\/portal\/wp-content\/uploads\/2025\/03\/WhatsApp_Logo_PNG_Transparente_Sem_Fundo-150x150.png 150w, https:\/\/internacional.ufpr.br\/portal\/wp-content\/uploads\/2025\/03\/WhatsApp_Logo_PNG_Transparente_Sem_Fundo-298x300.png 298w, https:\/\/internacional.ufpr.br\/portal\/wp-content\/uploads\/2025\/03\/WhatsApp_Logo_PNG_Transparente_Sem_Fundo-1019x1024.png 1019w, https:\/\/internacional.ufpr.br\/portal\/wp-content\/uploads\/2025\/03\/WhatsApp_Logo_PNG_Transparente_Sem_Fundo-768x772.png 768w, https:\/\/internacional.ufpr.br\/portal\/wp-content\/uploads\/2025\/03\/WhatsApp_Logo_PNG_Transparente_Sem_Fundo-1528x1536.png 1528w, https:\/\/internacional.ufpr.br\/portal\/wp-content\/uploads\/2025\/03\/WhatsApp_Logo_PNG_Transparente_Sem_Fundo-10x10.png 10w, https:\/\/internacional.ufpr.br\/portal\/wp-content\/uploads\/2025\/03\/WhatsApp_Logo_PNG_Transparente_Sem_Fundo.png 1746w\" sizes=\"auto, (max-width: 17px) 100vw, 17px\" \/><\/a> <a href=\"https:\/\/wa.link\/iuibpg\" target=\"_blank\" rel=\"noopener\">(41) 98818-2541<\/a> <\/p>\n\n\n\n<p><strong>Coordenadoria de Pol\u00edticas Lingu\u00edsticas (CPL):<\/strong> <br>Coordenadora Profa. Dra. Pollianna Milan<br>E-mail: politicaslinguisticas@ufpr.br <br>O que a CPL atende: Conv\u00eanio PEC-PLE &#8211; pec@ufpr.br; Nucli Idiomas sem Fronteiras (IsF)  &#8211; isf@ufpr.br; Testes de nivelamento; Disciplinas Internacionais e COIL. <br><strong>Atendimento presencial<\/strong> <strong>de segunda a sexta-feira das 09:00 \u00e0s 12:00 e das 14:00 \u00e0s 16:00 com a servidora Maria Luiza Fonseca <strong>Ribeiro<\/strong>.<\/strong> <\/p>\n\n\n\n<p><strong>Unidade de Apoio Administrativo (UAA)<\/strong>:<strong> <\/strong><br>Chefe da Unidade: M\u00f4nica Fontes<br>E-mail: internacional@ufpr.br \/ Teams: monica.fontes@ufpr.br<br><strong>Atendimento presencial \u00e0s segundas e sextas ou mediante agendamento<\/strong><br><strong>Contato via telefone nas segundas e sextas :<\/strong> (41) 3360-5465<\/p>\n\n\n\n<p><strong>Mobilidade Acad\u00eamica<\/strong>:<br>Mobilidade Internacional OUT: email\/Teams: mobilidade@ufpr.br<br>Mobilidade Internacional IN: Sandrigo De Gasperi &#8211; email\/Teams: incoming@ufpr.br<br>Programa AUGM e MARCA: Cassia Martins &#8211; email\/Teams: augm@ufpr.br <br><strong><span style=\"font-size: revert; color: initial;\">Atendimento presencial \u00e0s ter\u00e7as e quartas <\/span>ou mediante agendamento.<\/strong><br><\/p>\n\n\n\n<p><strong>Coopera\u00e7\u00e3o e Projetos Internacionais<\/strong>:<br>Acordos de Coopera\u00e7\u00e3o e Cotutela: H\u00e9lio Furtado &#8211; email: agreements@ufpr.br \/ Teams: helio.furtado@ufpr.br<br>Programas Erasmus+, Duplo Diploma, ELAP, BRAFITEC, BRAFAGRI: Klarissa Valero &#8211; email: erasmus@ufpr.br \/ Teams: klarissavalero@ufpr.br<\/p>\n\n\n\n<p><strong>Atendimento mediante agendamento<\/strong><br><br><strong>Envio internacional de Hist\u00f3ricos<\/strong> <br>Solicita\u00e7\u00e3o de Hist\u00f3rico para Envio Internacional: transcript@ufpr.br <br><strong>Atendimento mediante agendamento ou atrav\u00e9s do e-mail<\/strong><\/p>\n","protected":false},"excerpt":{"rendered":"<p>Coordenadoria do Escrit\u00f3rio de Rela\u00e7\u00f5es Internacionais: Superintendente Profa. Dra. Aida Maris Peres E-mail: internacional@ufpr.br &#8211; Agenda &#8211; Lattes Coordenadoria de Acolhimento e Trajet\u00f3rias Acad\u00eamicas de Estudantes Internacionais e Migrantes (CATRIM):Coordenadora: Nathielly Daiany Oliveira SantosE-mail:&nbsp;nathielly@ufpr.br Contato da CATRIM via WhatsApp &#8211; (41) 98818-2541 Coordenadoria de Pol\u00edticas Lingu\u00edsticas (CPL): Coordenadora Profa. Dra. Pollianna MilanE-mail: politicaslinguisticas@ufpr.br O que [&hellip;]<\/p>\n","protected":false},"author":12,"featured_media":0,"parent":0,"menu_order":0,"comment_status":"closed","ping_status":"closed","template":"page.php","meta":{"_acf_changed":false,"footnotes":""},"class_list":["post-132","page","type-page","status-publish","hentry"],"acf":[],"_links":{"self":[{"href":"https:\/\/internacional.ufpr.br\/portal\/wp-json\/wp\/v2\/pages\/132","targetHints":{"allow":["GET"]}}],"collection":[{"href":"https:\/\/internacional.ufpr.br\/portal\/wp-json\/wp\/v2\/pages"}],"about":[{"href":"https:\/\/internacional.ufpr.br\/portal\/wp-json\/wp\/v2\/types\/page"}],"author":[{"embeddable":true,"href":"https:\/\/internacional.ufpr.br\/portal\/wp-json\/wp\/v2\/users\/12"}],"replies":[{"embeddable":true,"href":"https:\/\/internacional.ufpr.br\/portal\/wp-json\/wp\/v2\/comments?post=132"}],"version-history":[{"count":140,"href":"https:\/\/internacional.ufpr.br\/portal\/wp-json\/wp\/v2\/pages\/132\/revisions"}],"predecessor-version":[{"id":12944,"href":"https:\/\/internacional.ufpr.br\/portal\/wp-json\/wp\/v2\/pages\/132\/revisions\/12944"}],"wp:attachment":[{"href":"https:\/\/internacional.ufpr.br\/portal\/wp-json\/wp\/v2\/media?parent=132"}],"curies":[{"name":"wp","href":"https:\/\/api.w.org\/{rel}","templated":true}]}}